{"id":106,"date":"2024-08-21T15:49:01","date_gmt":"2024-08-21T21:49:01","guid":{"rendered":"https:\/\/www.syrisolutions.com\/shop\/?post_type=product&#038;p=106"},"modified":"2024-09-04T15:38:04","modified_gmt":"2024-09-04T21:38:04","slug":"despachador-de-toalla-en-rollo-oval-blanco-dv028","status":"publish","type":"product","link":"https:\/\/www.syrisolutions.com\/shop\/product\/despachador-de-toalla-en-rollo-oval-blanco-dv028\/","title":{"rendered":"Despachador De Toalla En Rollo Oval Blanco. DV028."},"content":{"rendered":"<p>Este es un dosificador toalla en rollo universal. Tiene capacidad para rollos de 19 a 20 cm de ancho y de 180 mts de largo. El mecanismo es reforzado para uso rudo \/ industrial y no requiere m\u00e1s mantenimiento que la limpieza normal. Este despachador dosifica cualquier marca de toalla en rollo universal, ya sea de hoja doble o sencilla. La tapa o cubierta es transl\u00facida, lo que permite ver cu\u00e1ndo cambiar el rollo, utiliza llave para abrirse. Este despachador viene con dos llaves y cerradura met\u00e1lica.<\/p>\n<p><iframe title=\"Oval L\u00ednea ABS JUMBO - DV013\/DV028, DV003\/DV031, DV011\/DV012\" width=\"640\" height=\"360\" src=\"https:\/\/www.youtube.com\/embed\/d_nQAHcBMVg?feature=oembed\" frameborder=\"0\" allow=\"accelerometer; autoplay; clipboard-write; encrypted-media; gyroscope; picture-in-picture; web-share\" referrerpolicy=\"strict-origin-when-cross-origin\" allowfullscreen><\/iframe><\/p>\n<p>Este despachador se monta directamente sobre la pared con el juego de 4 pijas y taquetes incluidos.<\/p>\n","protected":false},"excerpt":{"rendered":"<p>Dosificador toalla en rollo universal.<\/p>\n<p>Por su capacidad y resistencia es ideal para todo tipo de ba\u00f1os p\u00fablicos, ya sea en industria, restaurantes, hospitales, hoteles, salones de fiestas, clubes deportivos, oficinas, gasolineras, etc.<\/p>\n","protected":false},"featured_media":112,"comment_status":"open","ping_status":"closed","template":"","meta":[],"product_cat":[20,21],"product_tag":[],"class_list":{"0":"post-106","1":"product","2":"type-product","3":"status-publish","4":"has-post-thumbnail","6":"product_cat-articulos-de-limpieza","7":"product_cat-dispensadores","9":"first","10":"instock","11":"purchasable","12":"product-type-simple","13":"add-to-wishlist-after_add_to_cart"},"_links":{"self":[{"href":"https:\/\/www.syrisolutions.com\/shop\/wp-json\/wp\/v2\/product\/106","targetHints":{"allow":["GET"]}}],"collection":[{"href":"https:\/\/www.syrisolutions.com\/shop\/wp-json\/wp\/v2\/product"}],"about":[{"href":"https:\/\/www.syrisolutions.com\/shop\/wp-json\/wp\/v2\/types\/product"}],"replies":[{"embeddable":true,"href":"https:\/\/www.syrisolutions.com\/shop\/wp-json\/wp\/v2\/comments?post=106"}],"wp:featuredmedia":[{"embeddable":true,"href":"https:\/\/www.syrisolutions.com\/shop\/wp-json\/wp\/v2\/media\/112"}],"wp:attachment":[{"href":"https:\/\/www.syrisolutions.com\/shop\/wp-json\/wp\/v2\/media?parent=106"}],"wp:term":[{"taxonomy":"product_cat","embeddable":true,"href":"https:\/\/www.syrisolutions.com\/shop\/wp-json\/wp\/v2\/product_cat?post=106"},{"taxonomy":"product_tag","embeddable":true,"href":"https:\/\/www.syrisolutions.com\/shop\/wp-json\/wp\/v2\/product_tag?post=106"}],"curies":[{"name":"wp","href":"https:\/\/api.w.org\/{rel}","templated":true}]}}