{"id":197,"date":"2024-09-03T12:14:25","date_gmt":"2024-09-03T18:14:25","guid":{"rendered":"https:\/\/www.syrisolutions.com\/shop\/?post_type=product&#038;p=197"},"modified":"2025-10-30T09:00:37","modified_gmt":"2025-10-30T15:00:37","slug":"llave-de-impacto-inalambrica-de-1-2-cp8849-chicago-pneumatic","status":"publish","type":"product","link":"https:\/\/www.syrisolutions.com\/shop\/product\/llave-de-impacto-inalambrica-de-1-2-cp8849-chicago-pneumatic\/","title":{"rendered":"Llave De Impacto Inalambrica De 1\/2 . CP8849. Chicago Pneumatic."},"content":{"rendered":"<p>Llave de impacto a bater\u00eda que ofrece grandes opciones de configuraci\u00f3n para operaciones de cambio de neum\u00e1ticos y mec\u00e1nica general.<br \/>\n\u00danico en su clase, esta llave de impacto inal\u00e1mbrica de 1\/2&#8221; est\u00e1 dise\u00f1ada para operaciones de cambio de llantas de veh\u00edculos livianos y tareas mec\u00e1nicas generales diarias en veh\u00edculos livianos y pesados. Las dos posiciones con corte garantizan una alta calidad de apriete y evitan un apriete excesivo. Ofrece un torque de alta potencia en reversa de hasta 850+ ft.lbs. La almohadilla t\u00e1ctil ergon\u00f3mica en la parte posterior de la herramienta ofrece una mayor comodidad. Incluye 2 bater\u00edas y cargador. Todo en una bolsa de material resistente.<\/p>\n<p>Longitud (L): 303 mm<br \/>\nGolpe por minuto: 2300<br \/>\nTorque limitado: S\u00ed<br \/>\nTemperatura de carga ambiental m\u00e1x. recomendada: 38 \u00b0C<br \/>\nVelocidad libre: 1900 rpm<br \/>\nTemperatura ambiental m\u00e1xima de operaci\u00f3n: 50 \u00b0C<br \/>\nAltura: 225 mm<br \/>\nVoltaje de bater\u00eda: 20 V<br \/>\nTipo de ret\u00e9n de salida: Anillo de fricci\u00f3n<br \/>\nSistema de arranque: Gatillo<br \/>\nTipo de mango: Pistola<br \/>\nTemperatura de carga ambiental m\u00edn. recomendada: 10 \u00b0C<br \/>\nTorque m\u00e1ximo inverso: 850 Nm<br \/>\nTama\u00f1o de la unidad de salida (pulg): 1\/2<br \/>\nAncho: 84 mm<br \/>\nTipo de bater\u00eda: Lithium-ion<br \/>\nPeso: 3.71 kg<br \/>\nTipo de lubricaci\u00f3n de embrague: Grasa<br \/>\nMecanismo de impacto: Leva con resorte cargado<br \/>\nCapacidad de la bater\u00eda: 4 Ah<br \/>\nTemperatura ambiental m\u00e1xima de almacenamiento: 40 \u00b0C<br \/>\nCuerpo: Composite<br \/>\nCarcasa de embrague: Aluminio<br \/>\nVelocidad<br \/>\nPosici\u00f3n de velocidad libre: 2 1200 rpm<br \/>\nPosici\u00f3n de velocidad libre: 1 600 rpm<br \/>\nVelocidad libre: 1900 rpm<\/p>\n","protected":false},"excerpt":{"rendered":"<p>Llave de impacto a bater\u00eda que ofrece grandes opciones de configuraci\u00f3n para operaciones de cambio de neum\u00e1ticos y mec\u00e1nica general.<\/p>\n[embed]https:\/\/www.youtube.com\/watch?v=PSaBs7Zv6uY[\/embed]\n","protected":false},"featured_media":200,"comment_status":"open","ping_status":"closed","template":"","meta":[],"product_cat":[26,24],"product_tag":[],"class_list":{"0":"post-197","1":"product","2":"type-product","3":"status-publish","4":"has-post-thumbnail","6":"product_cat-electricas","7":"product_cat-herramientas","9":"first","10":"instock","11":"purchasable","12":"product-type-simple","13":"add-to-wishlist-after_add_to_cart"},"_links":{"self":[{"href":"https:\/\/www.syrisolutions.com\/shop\/wp-json\/wp\/v2\/product\/197","targetHints":{"allow":["GET"]}}],"collection":[{"href":"https:\/\/www.syrisolutions.com\/shop\/wp-json\/wp\/v2\/product"}],"about":[{"href":"https:\/\/www.syrisolutions.com\/shop\/wp-json\/wp\/v2\/types\/product"}],"replies":[{"embeddable":true,"href":"https:\/\/www.syrisolutions.com\/shop\/wp-json\/wp\/v2\/comments?post=197"}],"wp:featuredmedia":[{"embeddable":true,"href":"https:\/\/www.syrisolutions.com\/shop\/wp-json\/wp\/v2\/media\/200"}],"wp:attachment":[{"href":"https:\/\/www.syrisolutions.com\/shop\/wp-json\/wp\/v2\/media?parent=197"}],"wp:term":[{"taxonomy":"product_cat","embeddable":true,"href":"https:\/\/www.syrisolutions.com\/shop\/wp-json\/wp\/v2\/product_cat?post=197"},{"taxonomy":"product_tag","embeddable":true,"href":"https:\/\/www.syrisolutions.com\/shop\/wp-json\/wp\/v2\/product_tag?post=197"}],"curies":[{"name":"wp","href":"https:\/\/api.w.org\/{rel}","templated":true}]}}