{"id":211,"date":"2024-09-03T15:22:33","date_gmt":"2024-09-03T21:22:33","guid":{"rendered":"https:\/\/www.syrisolutions.com\/shop\/?post_type=product&#038;p=211"},"modified":"2025-10-29T16:18:30","modified_gmt":"2025-10-29T22:18:30","slug":"amoladora-angular-neumatica-4-5-cp9122br-chicago-pneumatic","status":"publish","type":"product","link":"https:\/\/www.syrisolutions.com\/shop\/product\/amoladora-angular-neumatica-4-5-cp9122br-chicago-pneumatic\/","title":{"rendered":"Amoladora Angular Neum\u00e1tica 4.5&#8243;. CP9122BR. Chicago Pneumatic"},"content":{"rendered":"<p>Dise\u00f1ada para aplicaciones de mantenimiento general, ofrece eficiencia con su potencia de 0,8 hp (600 W) y alta durabilidad con su dise\u00f1o de engranaje c\u00f3nico helicoidal y carcasa de aleaci\u00f3n de aluminio.<\/p>\n<p>Amoladora Angular de 4.5\u201d, con Husillo de 5\/8\u201d.<br \/>\nModelo: CP9122BR<br \/>\nN\u00famero de Parte: 615 195 7222<br \/>\nVelocidad Libre: 12,000RPM<br \/>\nPotencia: 08hp \/ 600w<br \/>\nCapacidad M\u00e1xima de la Rueda: 4.5\u201d \/ 115mm<br \/>\nHusillo Roscado: 5\/8-11\u201d<br \/>\nConsumo de Aire en Carga: 29.7cfm \/14l\/s<br \/>\nPeso Neto: 4.2lb \/ 1.9g Longitud: 9.3\u201d \/ 233mm<br \/>\nEntrada de Aire: 1\/4\u201d<\/p>\n","protected":false},"excerpt":{"rendered":"<div id=\"features-group\" class=\"pb-1\">Dise\u00f1o de engranaje c\u00f3nico helicoidal y carcasa de aleaci\u00f3n de aluminio para una alta durabilidad<\/div>\n<div id=\"features-group\" class=\"pb-1\">Protector ajustable sin llave para mayor seguridad<\/div>\n<div id=\"features-group\" class=\"pb-1\">Mango lateral ergon\u00f3mico<\/div>\n","protected":false},"featured_media":212,"comment_status":"open","ping_status":"closed","template":"","meta":[],"product_cat":[24,25],"product_tag":[],"class_list":{"0":"post-211","1":"product","2":"type-product","3":"status-publish","4":"has-post-thumbnail","6":"product_cat-herramientas","7":"product_cat-neumaticas","9":"first","10":"instock","11":"purchasable","12":"product-type-simple","13":"add-to-wishlist-after_add_to_cart"},"_links":{"self":[{"href":"https:\/\/www.syrisolutions.com\/shop\/wp-json\/wp\/v2\/product\/211","targetHints":{"allow":["GET"]}}],"collection":[{"href":"https:\/\/www.syrisolutions.com\/shop\/wp-json\/wp\/v2\/product"}],"about":[{"href":"https:\/\/www.syrisolutions.com\/shop\/wp-json\/wp\/v2\/types\/product"}],"replies":[{"embeddable":true,"href":"https:\/\/www.syrisolutions.com\/shop\/wp-json\/wp\/v2\/comments?post=211"}],"wp:featuredmedia":[{"embeddable":true,"href":"https:\/\/www.syrisolutions.com\/shop\/wp-json\/wp\/v2\/media\/212"}],"wp:attachment":[{"href":"https:\/\/www.syrisolutions.com\/shop\/wp-json\/wp\/v2\/media?parent=211"}],"wp:term":[{"taxonomy":"product_cat","embeddable":true,"href":"https:\/\/www.syrisolutions.com\/shop\/wp-json\/wp\/v2\/product_cat?post=211"},{"taxonomy":"product_tag","embeddable":true,"href":"https:\/\/www.syrisolutions.com\/shop\/wp-json\/wp\/v2\/product_tag?post=211"}],"curies":[{"name":"wp","href":"https:\/\/api.w.org\/{rel}","templated":true}]}}