{"id":213,"date":"2024-09-03T15:49:37","date_gmt":"2024-09-03T21:49:37","guid":{"rendered":"https:\/\/www.syrisolutions.com\/shop\/?post_type=product&#038;p=213"},"modified":"2025-10-29T16:15:04","modified_gmt":"2025-10-29T22:15:04","slug":"speedclean-cj-125-sistema-de-limpieza-para-minisplits","status":"publish","type":"product","link":"https:\/\/www.syrisolutions.com\/shop\/product\/speedclean-cj-125-sistema-de-limpieza-para-minisplits\/","title":{"rendered":"Speedclean CJ-125. Sistema De Limpieza Para Minisplits."},"content":{"rendered":"<p>Sistema de limpieza para equipos HVAC, con tanques dosificador de agua y qu\u00edmico para limpieza.<br \/>\nPotente rociado que elimina suciedad sin doblar aletas y con varilla que permite alcanzar lugares de dif\u00edcil acceso, sin necesidad de extensiones el\u00e9ctricas ni engorrosas mangueras para agua.<br \/>\nTanques integrados con dosificador para agua y qu\u00edmicos de limpieza.<br \/>\nAlimentado con bater\u00eda de plomo y \u00e1cido de 12V. ! Dura hasta 4 horas ! Cargador incluido.<br \/>\nLimpia y enjuaga profundamente.<br \/>\nM\u00e1ximo volumen de agua con la presi\u00f3n adecuada.<br \/>\nPort\u00e1til y f\u00e1cil de llevar.<br \/>\nAccesorios disponibles: varillas flexibles 0\u00b0y 90\u00b0, varillas rociadoras 90\u00b0de 24\u201d a 60\u201d, lanzas de extensi\u00f3n de 24\u201d a 60\u201d, adaptadores 90\u00b0y 45\u00b0, cargadores, bater\u00edas y cargadores de coche.<\/p>\n<p>ESPECIFICACIONES<br \/>\n\u2022Dimensiones: 48x 25.4 x 46 cm<br \/>\n\u2022Presi\u00f3n de salida: 100 psi<br \/>\n\u2022Caudal de agua en la salida: 1.9 L\/min<br \/>\n\u2022Peso: 9 Kg vac\u00eda y 24 Kg con agua y qu\u00edmico.<br \/>\n\u2022Incluye:<br \/>\nSistema CoilJet<br \/>\n2 boquillas de rociado est\u00e1ndar<br \/>\nPistola rociadora con conexi\u00f3n r\u00e1pida.<br \/>\nBater\u00eda recargable 12V<br \/>\nCargador CA<br \/>\nCorrea para el hombro.<\/p>\n","protected":false},"excerpt":{"rendered":"<p>\u00bfAcceso limitado al agua o la energ\u00eda? No hay problema. Cuando el agua y la energ\u00eda pueden ser inaccesibles, como techos y \u00e1ticos, el limpiador de bobinas port\u00e1til CoilJet CJ-125 es ideal. El Coiljet incluye agua integrada, tanque para qu\u00edmicos y bater\u00eda recargable de larga duraci\u00f3n. Cada CoilJet viene con 2 boquillas de pulverizaci\u00f3n est\u00e1ndar, pistola de pulverizaci\u00f3n (conexi\u00f3n r\u00e1pida), cargador inteligente y correa para el hombro<\/p>\n[embed]https:\/\/www.youtube.com\/watch?v=_9K9UZDyi_Q[\/embed]\n","protected":false},"featured_media":216,"comment_status":"open","ping_status":"closed","template":"","meta":[],"product_cat":[26,24],"product_tag":[],"class_list":{"0":"post-213","1":"product","2":"type-product","3":"status-publish","4":"has-post-thumbnail","6":"product_cat-electricas","7":"product_cat-herramientas","9":"first","10":"instock","11":"purchasable","12":"product-type-simple","13":"add-to-wishlist-after_add_to_cart"},"_links":{"self":[{"href":"https:\/\/www.syrisolutions.com\/shop\/wp-json\/wp\/v2\/product\/213","targetHints":{"allow":["GET"]}}],"collection":[{"href":"https:\/\/www.syrisolutions.com\/shop\/wp-json\/wp\/v2\/product"}],"about":[{"href":"https:\/\/www.syrisolutions.com\/shop\/wp-json\/wp\/v2\/types\/product"}],"replies":[{"embeddable":true,"href":"https:\/\/www.syrisolutions.com\/shop\/wp-json\/wp\/v2\/comments?post=213"}],"wp:featuredmedia":[{"embeddable":true,"href":"https:\/\/www.syrisolutions.com\/shop\/wp-json\/wp\/v2\/media\/216"}],"wp:attachment":[{"href":"https:\/\/www.syrisolutions.com\/shop\/wp-json\/wp\/v2\/media?parent=213"}],"wp:term":[{"taxonomy":"product_cat","embeddable":true,"href":"https:\/\/www.syrisolutions.com\/shop\/wp-json\/wp\/v2\/product_cat?post=213"},{"taxonomy":"product_tag","embeddable":true,"href":"https:\/\/www.syrisolutions.com\/shop\/wp-json\/wp\/v2\/product_tag?post=213"}],"curies":[{"name":"wp","href":"https:\/\/api.w.org\/{rel}","templated":true}]}}